{"id":87,"date":"2025-11-03T09:53:18","date_gmt":"2025-11-03T08:53:18","guid":{"rendered":"https:\/\/mdglodz.pl\/?page_id=87"},"modified":"2025-11-03T10:32:59","modified_gmt":"2025-11-03T09:32:59","slug":"galeria-budowy-strazyska","status":"publish","type":"page","link":"https:\/\/mdglodz.pl\/index.php\/galeria-budowy-strazyska\/","title":{"rendered":"Galeria Budowy Str\u0105\u017cyska"},"content":{"rendered":"\n<div class=\"wp-block-group alignfull has-base-background-color has-background has-global-padding is-layout-constrained wp-container-core-group-is-layout-4664d727 wp-block-group-is-layout-constrained\" style=\"margin-top:0;margin-bottom:0;padding-top:var(--wp--preset--spacing--50);padding-right:var(--wp--preset--spacing--30);padding-bottom:var(--wp--preset--spacing--50);padding-left:var(--wp--preset--spacing--30)\">\n<div class=\"wp-block-group alignwide is-vertical is-layout-flex wp-container-core-group-is-layout-fe9cc265 wp-block-group-is-layout-flex\">\n<div class=\"wp-block-group has-global-padding is-layout-constrained wp-block-group-is-layout-constrained\">\n<h2 class=\"wp-block-heading has-large-font-size\">Przegl\u0105daj zdj\u0119cia z budowy Str\u0105\u017cyska.<\/h2>\n\n\n\n<p style=\"margin-top:16px\">Galeria dokumentuje etapy realizacji domu jednorodzinnego.<\/p>\n<\/div>\n<\/div>\n\n\n\n<figure class=\"wp-block-gallery alignwide has-nested-images columns-default is-cropped wp-block-gallery-1 is-layout-flex wp-block-gallery-is-layout-flex\">\n<figure data-wp-context=\"{&quot;imageId&quot;:&quot;69e75ccfa3fc7&quot;}\" data-wp-interactive=\"core\/image\" data-wp-key=\"69e75ccfa3fc7\" class=\"wp-block-image size-large wp-lightbox-container\"><img loading=\"lazy\" decoding=\"async\" width=\"1024\" height=\"768\" data-wp-class--hide=\"state.isContentHidden\" data-wp-class--show=\"state.isContentVisible\" data-wp-init=\"callbacks.setButtonStyles\" data-wp-on--click=\"actions.showLightbox\" data-wp-on--load=\"callbacks.setButtonStyles\" data-wp-on-window--resize=\"callbacks.setButtonStyles\" data-id=\"73\" src=\"http:\/\/mdglodz.pl\/wp-content\/uploads\/2025\/11\/IMG_20140428_121301-1024x768.jpg\" alt=\"\" class=\"wp-image-73\" srcset=\"https:\/\/mdglodz.pl\/wp-content\/uploads\/2025\/11\/IMG_20140428_121301-1024x768.jpg 1024w, https:\/\/mdglodz.pl\/wp-content\/uploads\/2025\/11\/IMG_20140428_121301-300x225.jpg 300w, https:\/\/mdglodz.pl\/wp-content\/uploads\/2025\/11\/IMG_20140428_121301-768x576.jpg 768w, https:\/\/mdglodz.pl\/wp-content\/uploads\/2025\/11\/IMG_20140428_121301-1536x1152.jpg 1536w, https:\/\/mdglodz.pl\/wp-content\/uploads\/2025\/11\/IMG_20140428_121301-2048x1536.jpg 2048w\" sizes=\"auto, (max-width: 1024px) 100vw, 1024px\" \/><button\n\t\t\tclass=\"lightbox-trigger\"\n\t\t\ttype=\"button\"\n\t\t\taria-haspopup=\"dialog\"\n\t\t\taria-label=\"Powi\u0119ksz\"\n\t\t\tdata-wp-init=\"callbacks.initTriggerButton\"\n\t\t\tdata-wp-on--click=\"actions.showLightbox\"\n\t\t\tdata-wp-style--right=\"state.imageButtonRight\"\n\t\t\tdata-wp-style--top=\"state.imageButtonTop\"\n\t\t>\n\t\t\t<svg xmlns=\"http:\/\/www.w3.org\/2000\/svg\" width=\"12\" height=\"12\" fill=\"none\" viewBox=\"0 0 12 12\">\n\t\t\t\t<path fill=\"#fff\" d=\"M2 0a2 2 0 0 0-2 2v2h1.5V2a.5.5 0 0 1 .5-.5h2V0H2Zm2 10.5H2a.5.5 0 0 1-.5-.5V8H0v2a2 2 0 0 0 2 2h2v-1.5ZM8 12v-1.5h2a.5.5 0 0 0 .5-.5V8H12v2a2 2 0 0 1-2 2H8Zm2-12a2 2 0 0 1 2 2v2h-1.5V2a.5.5 0 0 0-.5-.5H8V0h2Z\" \/>\n\t\t\t<\/svg>\n\t\t<\/button><figcaption class=\"wp-element-caption\">Hisilicon K3<\/figcaption><\/figure>\n\n\n\n<figure data-wp-context=\"{&quot;imageId&quot;:&quot;69e75ccfa44e5&quot;}\" data-wp-interactive=\"core\/image\" data-wp-key=\"69e75ccfa44e5\" class=\"wp-block-image size-large wp-lightbox-container\"><img loading=\"lazy\" decoding=\"async\" width=\"768\" height=\"1024\" data-wp-class--hide=\"state.isContentHidden\" data-wp-class--show=\"state.isContentVisible\" data-wp-init=\"callbacks.setButtonStyles\" data-wp-on--click=\"actions.showLightbox\" data-wp-on--load=\"callbacks.setButtonStyles\" data-wp-on-window--resize=\"callbacks.setButtonStyles\" data-id=\"75\" src=\"http:\/\/mdglodz.pl\/wp-content\/uploads\/2025\/11\/IMG_20140724_111653-768x1024.jpg\" alt=\"\" class=\"wp-image-75\" srcset=\"https:\/\/mdglodz.pl\/wp-content\/uploads\/2025\/11\/IMG_20140724_111653-768x1024.jpg 768w, https:\/\/mdglodz.pl\/wp-content\/uploads\/2025\/11\/IMG_20140724_111653-225x300.jpg 225w, https:\/\/mdglodz.pl\/wp-content\/uploads\/2025\/11\/IMG_20140724_111653-1152x1536.jpg 1152w, https:\/\/mdglodz.pl\/wp-content\/uploads\/2025\/11\/IMG_20140724_111653-1536x2048.jpg 1536w, https:\/\/mdglodz.pl\/wp-content\/uploads\/2025\/11\/IMG_20140724_111653-scaled.jpg 1920w\" sizes=\"auto, (max-width: 768px) 100vw, 768px\" \/><button\n\t\t\tclass=\"lightbox-trigger\"\n\t\t\ttype=\"button\"\n\t\t\taria-haspopup=\"dialog\"\n\t\t\taria-label=\"Powi\u0119ksz\"\n\t\t\tdata-wp-init=\"callbacks.initTriggerButton\"\n\t\t\tdata-wp-on--click=\"actions.showLightbox\"\n\t\t\tdata-wp-style--right=\"state.imageButtonRight\"\n\t\t\tdata-wp-style--top=\"state.imageButtonTop\"\n\t\t>\n\t\t\t<svg xmlns=\"http:\/\/www.w3.org\/2000\/svg\" width=\"12\" height=\"12\" fill=\"none\" viewBox=\"0 0 12 12\">\n\t\t\t\t<path fill=\"#fff\" d=\"M2 0a2 2 0 0 0-2 2v2h1.5V2a.5.5 0 0 1 .5-.5h2V0H2Zm2 10.5H2a.5.5 0 0 1-.5-.5V8H0v2a2 2 0 0 0 2 2h2v-1.5ZM8 12v-1.5h2a.5.5 0 0 0 .5-.5V8H12v2a2 2 0 0 1-2 2H8Zm2-12a2 2 0 0 1 2 2v2h-1.5V2a.5.5 0 0 0-.5-.5H8V0h2Z\" \/>\n\t\t\t<\/svg>\n\t\t<\/button><figcaption class=\"wp-element-caption\">Hisilicon K3<\/figcaption><\/figure>\n\n\n\n<figure data-wp-context=\"{&quot;imageId&quot;:&quot;69e75ccfa492b&quot;}\" data-wp-interactive=\"core\/image\" data-wp-key=\"69e75ccfa492b\" class=\"wp-block-image size-large wp-lightbox-container\"><img loading=\"lazy\" decoding=\"async\" width=\"1024\" height=\"768\" data-wp-class--hide=\"state.isContentHidden\" data-wp-class--show=\"state.isContentVisible\" data-wp-init=\"callbacks.setButtonStyles\" data-wp-on--click=\"actions.showLightbox\" data-wp-on--load=\"callbacks.setButtonStyles\" data-wp-on-window--resize=\"callbacks.setButtonStyles\" data-id=\"74\" src=\"http:\/\/mdglodz.pl\/wp-content\/uploads\/2025\/11\/IMG_20140724_100301-1024x768.jpg\" alt=\"\" class=\"wp-image-74\" srcset=\"https:\/\/mdglodz.pl\/wp-content\/uploads\/2025\/11\/IMG_20140724_100301-1024x768.jpg 1024w, https:\/\/mdglodz.pl\/wp-content\/uploads\/2025\/11\/IMG_20140724_100301-300x225.jpg 300w, https:\/\/mdglodz.pl\/wp-content\/uploads\/2025\/11\/IMG_20140724_100301-768x576.jpg 768w, https:\/\/mdglodz.pl\/wp-content\/uploads\/2025\/11\/IMG_20140724_100301-1536x1152.jpg 1536w, https:\/\/mdglodz.pl\/wp-content\/uploads\/2025\/11\/IMG_20140724_100301-2048x1536.jpg 2048w\" sizes=\"auto, (max-width: 1024px) 100vw, 1024px\" \/><button\n\t\t\tclass=\"lightbox-trigger\"\n\t\t\ttype=\"button\"\n\t\t\taria-haspopup=\"dialog\"\n\t\t\taria-label=\"Powi\u0119ksz\"\n\t\t\tdata-wp-init=\"callbacks.initTriggerButton\"\n\t\t\tdata-wp-on--click=\"actions.showLightbox\"\n\t\t\tdata-wp-style--right=\"state.imageButtonRight\"\n\t\t\tdata-wp-style--top=\"state.imageButtonTop\"\n\t\t>\n\t\t\t<svg xmlns=\"http:\/\/www.w3.org\/2000\/svg\" width=\"12\" height=\"12\" fill=\"none\" viewBox=\"0 0 12 12\">\n\t\t\t\t<path fill=\"#fff\" d=\"M2 0a2 2 0 0 0-2 2v2h1.5V2a.5.5 0 0 1 .5-.5h2V0H2Zm2 10.5H2a.5.5 0 0 1-.5-.5V8H0v2a2 2 0 0 0 2 2h2v-1.5ZM8 12v-1.5h2a.5.5 0 0 0 .5-.5V8H12v2a2 2 0 0 1-2 2H8Zm2-12a2 2 0 0 1 2 2v2h-1.5V2a.5.5 0 0 0-.5-.5H8V0h2Z\" \/>\n\t\t\t<\/svg>\n\t\t<\/button><figcaption class=\"wp-element-caption\">Hisilicon K3<\/figcaption><\/figure>\n\n\n\n<figure data-wp-context=\"{&quot;imageId&quot;:&quot;69e75ccfa4e1b&quot;}\" data-wp-interactive=\"core\/image\" data-wp-key=\"69e75ccfa4e1b\" class=\"wp-block-image size-large wp-lightbox-container\"><img loading=\"lazy\" decoding=\"async\" width=\"1024\" height=\"680\" data-wp-class--hide=\"state.isContentHidden\" data-wp-class--show=\"state.isContentVisible\" data-wp-init=\"callbacks.setButtonStyles\" data-wp-on--click=\"actions.showLightbox\" data-wp-on--load=\"callbacks.setButtonStyles\" data-wp-on-window--resize=\"callbacks.setButtonStyles\" data-id=\"60\" src=\"http:\/\/mdglodz.pl\/wp-content\/uploads\/2025\/11\/DSC8666-1024x680.jpg\" alt=\"\" class=\"wp-image-60\" srcset=\"https:\/\/mdglodz.pl\/wp-content\/uploads\/2025\/11\/DSC8666-1024x680.jpg 1024w, https:\/\/mdglodz.pl\/wp-content\/uploads\/2025\/11\/DSC8666-300x199.jpg 300w, https:\/\/mdglodz.pl\/wp-content\/uploads\/2025\/11\/DSC8666-768x510.jpg 768w, https:\/\/mdglodz.pl\/wp-content\/uploads\/2025\/11\/DSC8666-1536x1020.jpg 1536w, https:\/\/mdglodz.pl\/wp-content\/uploads\/2025\/11\/DSC8666-2048x1360.jpg 2048w\" sizes=\"auto, (max-width: 1024px) 100vw, 1024px\" \/><button\n\t\t\tclass=\"lightbox-trigger\"\n\t\t\ttype=\"button\"\n\t\t\taria-haspopup=\"dialog\"\n\t\t\taria-label=\"Powi\u0119ksz\"\n\t\t\tdata-wp-init=\"callbacks.initTriggerButton\"\n\t\t\tdata-wp-on--click=\"actions.showLightbox\"\n\t\t\tdata-wp-style--right=\"state.imageButtonRight\"\n\t\t\tdata-wp-style--top=\"state.imageButtonTop\"\n\t\t>\n\t\t\t<svg xmlns=\"http:\/\/www.w3.org\/2000\/svg\" width=\"12\" height=\"12\" fill=\"none\" viewBox=\"0 0 12 12\">\n\t\t\t\t<path fill=\"#fff\" d=\"M2 0a2 2 0 0 0-2 2v2h1.5V2a.5.5 0 0 1 .5-.5h2V0H2Zm2 10.5H2a.5.5 0 0 1-.5-.5V8H0v2a2 2 0 0 0 2 2h2v-1.5ZM8 12v-1.5h2a.5.5 0 0 0 .5-.5V8H12v2a2 2 0 0 1-2 2H8Zm2-12a2 2 0 0 1 2 2v2h-1.5V2a.5.5 0 0 0-.5-.5H8V0h2Z\" \/>\n\t\t\t<\/svg>\n\t\t<\/button><\/figure>\n\n\n\n<figure data-wp-context=\"{&quot;imageId&quot;:&quot;69e75ccfa51d6&quot;}\" data-wp-interactive=\"core\/image\" data-wp-key=\"69e75ccfa51d6\" class=\"wp-block-image size-large wp-lightbox-container\"><img loading=\"lazy\" decoding=\"async\" width=\"1024\" height=\"680\" data-wp-class--hide=\"state.isContentHidden\" data-wp-class--show=\"state.isContentVisible\" data-wp-init=\"callbacks.setButtonStyles\" data-wp-on--click=\"actions.showLightbox\" data-wp-on--load=\"callbacks.setButtonStyles\" data-wp-on-window--resize=\"callbacks.setButtonStyles\" data-id=\"61\" src=\"http:\/\/mdglodz.pl\/wp-content\/uploads\/2025\/11\/DSC8669-1024x680.jpg\" alt=\"\" class=\"wp-image-61\" srcset=\"https:\/\/mdglodz.pl\/wp-content\/uploads\/2025\/11\/DSC8669-1024x680.jpg 1024w, https:\/\/mdglodz.pl\/wp-content\/uploads\/2025\/11\/DSC8669-300x199.jpg 300w, https:\/\/mdglodz.pl\/wp-content\/uploads\/2025\/11\/DSC8669-768x510.jpg 768w, https:\/\/mdglodz.pl\/wp-content\/uploads\/2025\/11\/DSC8669-1536x1020.jpg 1536w, https:\/\/mdglodz.pl\/wp-content\/uploads\/2025\/11\/DSC8669-2048x1360.jpg 2048w\" sizes=\"auto, (max-width: 1024px) 100vw, 1024px\" \/><button\n\t\t\tclass=\"lightbox-trigger\"\n\t\t\ttype=\"button\"\n\t\t\taria-haspopup=\"dialog\"\n\t\t\taria-label=\"Powi\u0119ksz\"\n\t\t\tdata-wp-init=\"callbacks.initTriggerButton\"\n\t\t\tdata-wp-on--click=\"actions.showLightbox\"\n\t\t\tdata-wp-style--right=\"state.imageButtonRight\"\n\t\t\tdata-wp-style--top=\"state.imageButtonTop\"\n\t\t>\n\t\t\t<svg xmlns=\"http:\/\/www.w3.org\/2000\/svg\" width=\"12\" height=\"12\" fill=\"none\" viewBox=\"0 0 12 12\">\n\t\t\t\t<path fill=\"#fff\" d=\"M2 0a2 2 0 0 0-2 2v2h1.5V2a.5.5 0 0 1 .5-.5h2V0H2Zm2 10.5H2a.5.5 0 0 1-.5-.5V8H0v2a2 2 0 0 0 2 2h2v-1.5ZM8 12v-1.5h2a.5.5 0 0 0 .5-.5V8H12v2a2 2 0 0 1-2 2H8Zm2-12a2 2 0 0 1 2 2v2h-1.5V2a.5.5 0 0 0-.5-.5H8V0h2Z\" \/>\n\t\t\t<\/svg>\n\t\t<\/button><\/figure>\n\n\n\n<figure data-wp-context=\"{&quot;imageId&quot;:&quot;69e75ccfa55b8&quot;}\" data-wp-interactive=\"core\/image\" data-wp-key=\"69e75ccfa55b8\" class=\"wp-block-image size-large wp-lightbox-container\"><img loading=\"lazy\" decoding=\"async\" width=\"1024\" height=\"680\" data-wp-class--hide=\"state.isContentHidden\" data-wp-class--show=\"state.isContentVisible\" data-wp-init=\"callbacks.setButtonStyles\" data-wp-on--click=\"actions.showLightbox\" data-wp-on--load=\"callbacks.setButtonStyles\" data-wp-on-window--resize=\"callbacks.setButtonStyles\" data-id=\"58\" src=\"http:\/\/mdglodz.pl\/wp-content\/uploads\/2025\/11\/DSC8657-1024x680.jpg\" alt=\"\" class=\"wp-image-58\" srcset=\"https:\/\/mdglodz.pl\/wp-content\/uploads\/2025\/11\/DSC8657-1024x680.jpg 1024w, https:\/\/mdglodz.pl\/wp-content\/uploads\/2025\/11\/DSC8657-300x199.jpg 300w, https:\/\/mdglodz.pl\/wp-content\/uploads\/2025\/11\/DSC8657-768x510.jpg 768w, https:\/\/mdglodz.pl\/wp-content\/uploads\/2025\/11\/DSC8657-1536x1020.jpg 1536w, https:\/\/mdglodz.pl\/wp-content\/uploads\/2025\/11\/DSC8657-2048x1360.jpg 2048w\" sizes=\"auto, (max-width: 1024px) 100vw, 1024px\" \/><button\n\t\t\tclass=\"lightbox-trigger\"\n\t\t\ttype=\"button\"\n\t\t\taria-haspopup=\"dialog\"\n\t\t\taria-label=\"Powi\u0119ksz\"\n\t\t\tdata-wp-init=\"callbacks.initTriggerButton\"\n\t\t\tdata-wp-on--click=\"actions.showLightbox\"\n\t\t\tdata-wp-style--right=\"state.imageButtonRight\"\n\t\t\tdata-wp-style--top=\"state.imageButtonTop\"\n\t\t>\n\t\t\t<svg xmlns=\"http:\/\/www.w3.org\/2000\/svg\" width=\"12\" height=\"12\" fill=\"none\" viewBox=\"0 0 12 12\">\n\t\t\t\t<path fill=\"#fff\" d=\"M2 0a2 2 0 0 0-2 2v2h1.5V2a.5.5 0 0 1 .5-.5h2V0H2Zm2 10.5H2a.5.5 0 0 1-.5-.5V8H0v2a2 2 0 0 0 2 2h2v-1.5ZM8 12v-1.5h2a.5.5 0 0 0 .5-.5V8H12v2a2 2 0 0 1-2 2H8Zm2-12a2 2 0 0 1 2 2v2h-1.5V2a.5.5 0 0 0-.5-.5H8V0h2Z\" \/>\n\t\t\t<\/svg>\n\t\t<\/button><\/figure>\n<\/figure>\n<\/div>\n","protected":false},"excerpt":{"rendered":"<p>Przegl\u0105daj zdj\u0119cia z budowy Str\u0105\u017cyska. Galeria dokumentuje etapy realizacji domu jednorodzinnego.<\/p>\n","protected":false},"author":1,"featured_media":0,"parent":0,"menu_order":0,"comment_status":"closed","ping_status":"closed","template":"page-no-title","meta":{"footnotes":""},"class_list":["post-87","page","type-page","status-publish","hentry"],"_links":{"self":[{"href":"https:\/\/mdglodz.pl\/index.php\/wp-json\/wp\/v2\/pages\/87","targetHints":{"allow":["GET"]}}],"collection":[{"href":"https:\/\/mdglodz.pl\/index.php\/wp-json\/wp\/v2\/pages"}],"about":[{"href":"https:\/\/mdglodz.pl\/index.php\/wp-json\/wp\/v2\/types\/page"}],"author":[{"embeddable":true,"href":"https:\/\/mdglodz.pl\/index.php\/wp-json\/wp\/v2\/users\/1"}],"replies":[{"embeddable":true,"href":"https:\/\/mdglodz.pl\/index.php\/wp-json\/wp\/v2\/comments?post=87"}],"version-history":[{"count":2,"href":"https:\/\/mdglodz.pl\/index.php\/wp-json\/wp\/v2\/pages\/87\/revisions"}],"predecessor-version":[{"id":96,"href":"https:\/\/mdglodz.pl\/index.php\/wp-json\/wp\/v2\/pages\/87\/revisions\/96"}],"wp:attachment":[{"href":"https:\/\/mdglodz.pl\/index.php\/wp-json\/wp\/v2\/media?parent=87"}],"curies":[{"name":"wp","href":"https:\/\/api.w.org\/{rel}","templated":true}]}}